-4*f(y) + 5*p(y). What is the remainder when z(9) is divided by j?
14
Suppose 7 + 41 = 4*x. Let k = x + -6. What is the remainder when 17 is divided by k?
5
Let h(o) = 3*o - 2. Let s be 54/13 - (-12)/(-78). What is the remainder when 19 is divided by h(s)?
9
Let m = -9 + 16. Suppose 0 = m*p - 3*p - 8. Calculate the remainder when p is divided by 2.
0
Let f(k) = k**3 - 5*k**2 - 7*k + 8. Let h be f(6). Suppose 6 = h*u - 16. What is the remainder when u is divided by 4?
3
Let o = 34 - 14. Suppose -3*j + 146 = -28. Calculate the remainder when j is divided by o.
18
Let r(o) = o**3 + 6*o**2 + 4*o - 2. Calculate the remainder when 23 is divided by r(-4).
9
Let c = -126 - -178. Suppose -5*o - 6*z + 78 = -3*z, 5*o = 5*z + 110. What is the remainder when c is divided by o?
16
Let v(o) = o**2 + 3*o - 8. Let p be v(-5). Suppose p*d + 6 = 3*d. Calculate the remainder when 21 is divided by d.
3
Suppose -k = 3*k - 28. What is the remainder when 25 is divided by k?
4
Let x = 32 - 17. Let w = x - 5. What is the remainder when 19 is divided by w?
9
Let k = 38 + 11. Suppose 2*b = p + 41, -3*b + k = -0*b - 4*p. What is the remainder when 44 is divided by b?
21
Let q be 39/3 - (-3 - -3). Let d = 31 - q. What is the remainder when d is divided by 5?
3
Let f(b) = 9*b**2 + 2*b - 4. Let l(d) = -4*d**2 - d + 2. Let m(s) = 6*f(s) + 11*l(s). Calculate the remainder when 25 is divided by m(1).
7
Let h = -3 + 3. Suppose 3*m + 2 - 38 = h. Suppose 2*b = -2, 52 = 5*o - 4*b - 62. Calculate the remainder when o is divided by m.
10
Suppose 3*v - 4*v = -50. Calculate the remainder when v is divided by 26.
24
Let j(q) = q**2 + 12*q + 3. Let h be j(-12). What is the remainder when 2 - (0 - -1 - h) is divided by 2?
0
Suppose -169 = -3*t + 5*n, 4*n - 257 = -5*t - 0*n. What is the remainder when t is divided by 19?
15
Let l be 1/4 + 25/(-20). Let u = 7 + l. What is the remainder when u is divided by ((-64)/(-48))/(1/3)?
2
Suppose -3*g + 4*g + 5 = 3*k, -2*k = -5*g + 1. What is the remainder when k is divided by 2?
0
Suppose 0 = -w - 4*h - 11, -11 = 2*w - 5*w - h. Suppose -3*c - 27 = -3*q, -q - c - c - 3 = 0. Calculate the remainder when w is divided by 36/60 - (-7)/q.
1
Let h(d) = d**3 - 10*d**2 + 9*d + 2. Let i be h(9). Suppose 5*y - c - 14 = 0, 4*y + 10 = i*c + 26. What is the remainder when (3/3)/(y/58) is divided by 15?
14
Let g = -89 + 164. Suppose g = 4*r + r. Calculate the remainder when r is divided by 8.
7
Let c be -2 + 5 + -1 - 2. Suppose -6*q + q + 285 = c. Calculate the remainder when q is divided by 20.
17
Suppose -15 = -5*r + q + q, q + 6 = 2*r. Let m = 15 + 6. Suppose -4*h + m = a, -a = 5*h - 2*a - 15. Calculate the remainder when h is divided by r.
1
Suppose -54 + 2 = -4*r + 4*f, -4*f + 14 = 2*r. Calculate the remainder when r is divided by 7.
4
Suppose 40 = 3*y + 2*m, -m = y + 2*m - 4. What is the remainder when 45 is divided by y?
13
Let p be 4/10 - 74/10. Let l = 17 + 85. Calculate the remainder when l/14 - (-2)/p is divided by 4.
3
Let f = -8 + 16. Let u(v) = v**3 + 2*v**2 - 1. Let q be u(-2). Calculate the remainder when (q - -4)*15/3 is divided by f.
7
Suppose 22*a - 240 = 178. What is the remainder when 65 is divided by a?
8
Suppose 4*k - 2*l = 65 + 15, -51 = -3*k - 3*l. What is the remainder when 986/18 + (-2)/(-9) is divided by k?
17
Let s(l) = 2*l**2 + 8*l + 2. Let j be s(-4). Suppose 5*q - 20 = -y, 0 = 3*q - j*y + 4*y - 5. Calculate the remainder when 28 is divided by q.
3
Let g = -16 - -30. What is the remainder when 67 is divided by g?
11
Suppose 3*l + 4 = -8. Let z = 16 + l. What is the remainder when 47 is divided by z?
11
Suppose -3*o = -13 + 1. Let r be -28 - 2*(-9)/6. Let d = 35 + r. Calculate the remainder when d is divided by o.
2
Let g = -7 + 18. Let a(c) = 5*c**3 + 2*c**2 - c. Calculate the remainder when g is divided by a(1).
5
Let m(t) = -t**2 - 3*t + 4. Let v be m(-3). Suppose -6 = p - v*q, p = -3*q + 2*q + 9. Suppose -g + 16 = p. Calculate the remainder when 18 is divided by g.
8
Let c(v) = 2*v**2 - 2. Let b be c(-2). Let f(i) = 0 + 0*i**2 - 6*i + 1 - 6 + 2*i**2. Calculate the remainder when f(b) is divided by 11.
9
Suppose -4*i + 71 = 7. Let a = i - 11. What is the remainder when 9 is divided by a?
4
Let s(z) = 3*z. Calculate the remainder when 8 is divided by s(1).
2
Let s be (-9)/1*4/(-2). Let p = -2 + s. What is the remainder when 45 is divided by p?
13
Let p = -5 - -11. Suppose p*l - 48 = 2*l. Let o = 31 + -8. What is the remainder when o is divided by l?
11
Suppose 0 = -3*l + 5*t + 20, -4*l + 5*t + 15 + 20 = 0. Suppose -4*b - 5*n + 2 = -35, 5*n + l = 0. Calculate the remainder when 36 is divided by b.
10
Let p = -195 + 408. What is the remainder when p is divided by 43?
41
Suppose -2*m + 3*v = -45, 5*m = m + 3*v + 93. Calculate the remainder when 93 is divided by m.
21
Let n(l) = l**3 - 21*l**2 - 20*l - 38. Calculate the remainder when 17 is divided by n(22).
5
Calculate the remainder when (-4 - (-13)/2)*16 is divided by 3.
1
Suppose 4*x + 5 = -7. Let w = -3 - x. Suppose 13 = -4*j - 5*m, 0 = -w*j + 3*j - m - 14. Calculate the remainder when 7 is divided by j.
1
Suppose -407 = -8*v - 63. What is the remainder when v is divided by 9?
7
What is the remainder when 9/36 + (-427)/(-4) is divided by 22?
19
Let j = 148 - 69. Let a = 23 + 4. What is the remainder when j is divided by a?
25
Suppose 2*d = 3*s - 4 + 20, 3 = d - 4*s. Calculate the remainder when 31 is divided by d.
9
Suppose -4*b + 48 = -0*b. Let a(g) = -g + 0 + 5 - 1 + 3 - g**2. What is the remainder when b is divided by a(0)?
5
Let p(v) = -v**3 - 6*v**2 - 3*v + 5. Calculate the remainder when p(-6) is divided by 4.
3
Let y = 3 + -1. Suppose y*r = 6*r - 24. Suppose r = 3*p - 5*s - 17, 5*p + s = 85. Calculate the remainder when 46 is divided by p.
14
Suppose 14 + 121 = -5*z. Let k = 50 + z. Calculate the remainder when k is divided by 12.
11
Calculate the remainder when 134 is divided by 2193/(-86)*4/(-6).
15
Suppose 50 = 4*d - 90. Calculate the remainder when d is divided by 13.
9
Let z(v) = 7*v + 1. Suppose -y + 5*y - 8 = 0. Suppose -q + 149 = 8*m - 3*m, 4*m - 104 = 3*q. What is the remainder when m is divided by z(y)?
14
Suppose 0 = -2*y + 7*y - 195. Let c(w) = -w**3 - 6*w**2 - 3*w + 2. What is the remainder when y is divided by c(-6)?
19
Let i = 4 + 9. Let l = 19 - i. What is the remainder when l is divided by 4?
2
Suppose 3*w = 107 + 52. What is the remainder when w is divided by 14?
11
Let j = 2 - 1. Let a be j*(1 - 2*-1). Suppose -a*u - 4*r + 28 = 0, -r - r - 64 = -5*u. Calculate the remainder when 34 is divided by u.
10
Suppose -5*h = -14 - 1. Suppose -h*q + 4*v = -6*q + 27, -3*v + 45 = 5*q. What is the remainder when q is divided by 5?
4
Let y = 46 + -28. Suppose 2*i + y = -4*u - 0*i, 0 = 4*u + 5*i + 33. What is the remainder when 4/u + 16*1 is divided by 5?
4
Let g = 0 - 9. Let f(c) = c**3 + 9*c**2 - c - 7. Calculate the remainder when 4 is divided by f(g).
0
Let g = -21 + 13. Let j be (-4 - g)*3/(-2). Let b = j + 11. What is the remainder when b is divided by 3?
2
Suppose 0 = 2*f - 25 - 13. Suppose 0 = 3*q, -365 = -5*y + 3*q + q. Calculate the remainder when y is divided by f.
16
Let l = 23 - 12. Calculate the remainder when 27 is divided by l.
5
Suppose w = 5 + 3. What is the remainder when 13 is divided by w?
5
Let u = 13 + -9. Let l(d) = d**3 - 4*d**2 + 4*d + 1. What is the remainder when l(u) is divided by 9?
8
Suppose 8 = 3*g - 0*g - 5*b, 5 = g - 4*b. Let l be ((-24)/30)/(2/(-5)). What is the remainder when l*3/12*2 is divided by g?
0
Suppose -q = -4*q + 81. Calculate the remainder when q is divided by 4.
3
Let h = -33 + 23. Let d = 4 - h. What is the remainder when d is divided by 5?
4
Let r(b) = -2*b + 12. Let v = -19 + 42. Calculate the remainder when v is divided by r(0).
11
Let l(n) = -4*n + 5*n - 2 - 3 - 4*n. Calculate the remainder when 19 is divided by l(-4).
5
Let n = 70 + -39. Calculate the remainder when 215 is divided by n.
29
Suppose -2*h = -617 + 223. What is the remainder when h is divided by 33?
32
Suppose 30 = 5*f - 40. Calculate the remainder when 53 is divided by f.
11
Let a(m) = 43*m**3 + m**2 + 4*m - 4. Calculate the remainder when a(1) is divided by 23.
21
Let s(k) = 9*k. Let d(a) = 5*a. Let q(p) = 5*d(p) - 2*s(p). Calculate the remainder wh